 + 20 - (38 - 2).
-32
What is 8 - -3 - (22 + -1)?
-10
What is -18 + (-39 - -30) - -19?
-8
What is the value of (1 - (3 - 13)) + (1 - 0)?
12
What is -1 - ((-1 - -2) + 0) - (-1 - -13)?
-14
What is the value of (2 - (-46 - -1)) + (-13 - -42) + -40?
36
What is the value of 9 + (1 + 1 - (23 + -25)) + -5?
8
Evaluate -10 + (-9 - -16) + 11 + -1.
7
19 - (-15 - -24) - -2
12
What is -6 + -13 + 7 + -2 + 45?
31
What is the value of (3 - (-5 + 1)) + -2 - -1 - 5?
1
Calculate -2328 + 2329 + -1 + 1 + (-2 - -20).
19
Calculate 11 + -3 + -27 + -7 + 9.
-17
What is -9 + -2 + -34 + 29 + 2 + -1?
-15
(2 - 28) + 17 + -22
-31
Evaluate 3 + -1 + (-7 + 9 - -3).
7
(-24 - (10 - 16)) + (-3 - -10)
-11
What is the value of -5 + 0 - (8 - -32 - 20) - -7?
-18
Calculate 31 + -31 - ((2 - -3) + -10).
5
What is the value of 3 + -8 + -5 + -6 + 6 + 6?
-4
What is the value of -20 - (6 + -42 - 1)?
17
Calculate -6 + 6 + (-2 + -7 - (-4 + 4)).
-9
What is -18 - (-7 + (-17 - -20))?
-14
What is 1 + ((12 - 5) + (-6 - -11) - 1)?
12
What is the value of 50 + -64 - (-16 - (-9 + 3))?
-4
Evaluate -6 + (-12 - -42) - (-1 + 5 + 0).
20
9 + (-18 + 26 - (7 - (1 - -2)))
13
What is the value of (-9 - -43) + (-29 - -5)?
10
Calculate -146 - -144 - (16 + 4).
-22
-54 + 36 + 9 + 3 + 1 + 15
10
What is (1 - 5 - ((33 - 14) + -22)) + 11?
10
What is the value of (10 - -4) + -3 + -19 + -3?
-11
What is the value of (2 - -25) + 0 + -6?
21
Evaluate -3 - (12 + 7 + -16 + (1 - 18)).
11
Calculate 13 - 11 - (20 + -5).
-13
-29 + 62 + 9 + -6
36
What is the value of 4 - (21 - 32 - -36 - (-1 + -2))?
-24
28 - (12 - (19 + -24))
11
Calculate (-25 + 36 + -23 + 0 - 1) + 0.
-13
-11 + 1 + (-274 - -269)
-15
Calculate (-9 - (-28 + (4 - 7))) + -11.
11
Calculate -21 - (3 - (27 - 1)).
2
What is the value of (4 + 2 - 3) + (-59 - -43)?
-13
What is the value of -9 + 0 + 6 - 7 - -3?
-7
Evaluate 393 + -361 - (51 + -2).
-17
Calculate -2025 - -2040 - (1 - -5 - -1).
8
Calculate 1 - 22 - (-1072 + 1069).
-18
What is -7 + (20 - 10) - (1 + 10)?
-8
-1 + 8 + -4 - (8 - 1)
-4
What is 8 + -1 - (22 - 26)?
11
What is the value of (-14 - (-27 - -36)) + 11?
-12
Evaluate (24 + -20 - -4) + -19.
-11
Calculate -8 + 34 + -19 + -19.
-12
Calculate 3 + -2 + 2 - ((8 - 18) + 5).
8
Evaluate (2 + -7 - (15 + -13)) + 6 - -2.
1
What is -11 + (3 - 19 - -13)?
-14
What is (14 - (0 - 15)) + -59?
-30
Evaluate 22 + -3 + 28 + -30.
17
What is 12 + -16 + -4 + 4?
-4
What is -194 - -178 - (0 + -19)?
3
-2 - (-2 + -3 + (-3 - -5)) - 7
-6
Evaluate (-1 - -3) + -21 - (51 - 57).
-13
What is the value of 18 + (18 + -37 - -15)?
14
What is the value of -2 + -2 + (12 - 11 - -11)?
8
(2 - ((-3 - 1) + 3)) + -6
-3
What is the value of -11 + -7 + 20 + 0 - (-1 - -13)?
-10
Calculate -6 + 13 + -1 + 0.
6
What is the value of -36 + 3 + (-11 - -5) + 8 - 0?
-31
Calculate (3 - (1 + 5)) + (-84 - -87).
0
What is -12 + 31 - 12 - (-1 - 3)?
11
Evaluate 2 + 1 + (-2 - 4) - (-16 - -4).
9
Evaluate -41 - -88 - (22 + -3).
28
Calculate -28 + 34 + (-13 + 2 - -6 - -1).
2
What is (-21 - 4) + 0 - (-5 + (12 - 11))?
-21
What is -2 + 0 - 5 - (-21 + 1 + 8)?
5
What is the value of 4 + 3 + 1 + -2 - (71 - 62)?
-3
Calculate (-35 - -18) + (-2 - -7).
-12
Calculate 33 - (25 - (-7 + 14)).
15
Calculate (-15 - -1) + 29 + -26.
-11
Calculate (-12 - 25) + -6 + (-6 - -5) + 16.
-28
What is the value of (25 - 39) + 8 + 1 - 9?
-14
What is the value of 1 + (13 + -7 - -8)?
15
What is 14 + (-11 - (17 - (15 - -18)))?
19
Evaluate (-1 - 2 - -5) + (-33 - -35).
4
12 + 6 + (8 - (-4 - -20))
10
34 - (-10 + 35) - (1 + -12)
20
What is 1 - (4 + -12) - ((0 - 3) + -6)?
18
What is the value of -7 + (10 - ((1 - -1) + -1)) - 14?
-12
What is the value of 8 - ((3 - 0) + (4 - -14) + -1)?
-12
Calculate -23 + 31 + (8 + 4 + 1 - 5).
16
Calculate (-7 - (6 + -16)) + -8.
-5
Calculate -63 + 42 + 35 + (5 - 2).
17
What is 4 - -1 - (71 + -84) - 3?
15
Evaluate 28 + -32 - -9 - (0 + -4 - 0).
9
What is -61 + 74 + (-7 - -2)?
8
Calculate -7 + 18 - (-2 - -10) - -6.
9
Evaluate -5 + (-1 - (6 - 5)) - 10.
-17
Calculate (-5 - 0) + (0 + -1 - (85 + -91)).
0
What is the value of -4 + 0 + -3 + (-548 - -538)?
-17
What is 34 + -19 + (6 - (-7 - -5))?
23
Evaluate (0 - (-2 + -8)) + (-52 - -54).
12
What is the value of 0 - (20 + -10 + -30)?
20
8 - (10 + (-12 - -8))
2
What is -8 + -10 + 29 + 3 + 1?
15
What is -4 + 5 + (2 - 22) + -33 + 28?
-24
Calculate -408 + 410 + -5 + 0 + 0 + 0.
-3
Calculate -1 + -6 - (13 + -29 + 24).
-15
17 + -32 + 3 + 15
3
What is (3 + (9 - 3) - 19) + (-6 - 2)?
-18
-13 + (3 - -15 - (-43 + 46))
2
Evaluate 4 + 6 + 2 + -6.
6
Evaluate (49 - 32 - (0 + 38)) + -4 + 1.
-24
Calculate -5 + -1 - (-138 - -115).
17
What is the value of 1 - 1 - -13 - (13 + -63 - -44)?
19
What is the value of 1 - (-4 + 7 + 7 + 8 + -26)?
9
What is the value of -9 + -5 + 18 + 16 + 0 - -11?
31
What is 9 + -6 + (-6 - -11)?
8
What is the value of 13 - 20 - (-3 + (0 + -3 - -2))?
-3
What is (-304 - -303) + (2 + -2 - -1)?
0
What is the value of -2 - (-6 + 7 - -4) - (6 + -29)?
16
Evaluate 11 + (31 - (7 - 0) - 5) + 3.
33
What is -53 + 74 - (11 + -1)?
11
What is the value of -2 - -2 - (-4 + (1 - (-4 - 1)))?
-2
What is -5 - ((125 - 152) + 2 + 10)?
10
Evaluate 8 + 2 + 3 + (-2 - (-6 + 11)).
6
Evaluate 15 - (2 + (-19 - -13) - 3).
22
What is 8 + -3 + (6 - 16) - (6 + -3)?
-8
Evaluate -3 + (-7 - (-16 - (0 - 6))).
0
Evaluate -24 + (22 + -4 - 3).
-9
What is the value of 8 - (-14 - -11) - 12?
-1
14 + (36 - 15) + -40
-5
(-15 + -3 - -44) + -20 + -36
-30
What is the value of 4 + -10 - (2 + -1 + -13)?
6
(8 + -4 - -2) + -3 + 1 + -3
1
What is -2 - (7 - -17) - (-2 - -7)?
-31
What is -23 - -6 - 11 - 3?
-31
What is the value of (-2 - -2) + (-4 - 2)?
-6
(12 - 3) + (-22 - (-17 - -3))
1
-13 + 1 - (-15 + 3) - -2
2
What is the value of (-3 - (-8 - (5 - 9))) + -15?
-14
Evaluate 1 - (7 - (5 - -6)).
5
Calculate (-3 - -14) + 1 + -3.
9
22 - ((-16 - -32) + 26)
-20
(5 - (20 - 15)) + 7
7
What is -5 - (15 + -24 + 12)?
-8
-27 + 41 + -15 + -3 + -1
-5
What is the value of -1 + (-3 - 1) + (-9 - -10)?
-4
What is 1 + -16 + 12 - 8?
-11
Calculate -3 + -2 - (-6 + 24 + -29).
6
Calculate (-3 - 12) + 0 - (-12 + (14 - 6)).
-11
(0 - -1) + -8 + 2 + (-47 - -41)
-11
14 + -20 - (-8 + 10)
-8
Evaluate 9 + (-31 - -3 - -9) + -2.
-12
(12 - (-18 - -19)) + -8 + 3 + -1
5
Evaluate (-1 + 4 + -5 - 4) + (-6 - -30).
18
Evaluate -4 - (6 - 14) - -3 - (2 - -2).
3
1 + -1 - (10 + -13 - -6)
-3
(1 - -6) + -138 + 154 - 6
17
-9 + 3 + -4 - (-2 + 7 + -5)
-10
(-38 - (-24 - -14)) + 52
24
Evaluate 11 - (4 + 14) - (7 + -6 - -5).
-13
15 + 6 + (27 + -43 - (-1 + -4))
10
Calculate (1 - (5 - -2)) + -6 + -7.
-19
Calculate (5 + (-7 - -3) + -3 - -9) + -2.
5
Evaluate 0 - (37 - 70 - -38).
-5
Calculate (-40 - -73) + (1 - -2 - 11).
25
Evaluate (-2 - -7) + (3 + -5 + 4 - 0).
7
52 + (19 - 33) + -15
23
Calculate 2 - 13 - (13 - 23).
-1
Evaluate 0 - (-4 + (-4 - 0)).
8
Calculate -18 - (-9 + (13 - 16)).
-6
What is the value of -18 + 10 + (1 - -2 - (-2 + 0))?
-3
What is 0 - 1 - (-7 + 29 + -17)?
-6
Evaluate -13 + 1 + 8 + (-87 - -79).
-12
Calculate -14 + 4 + 1 + 8 + -20 + 9.
-12
36 - (-11 + 72) - -46
21
What is 5 + (14 - 27) - (-1 + 4)?
-11
Evaluate -7 + (9 - 3) + -4 - 10.
-15
(24 - (1 - -15)) + (-14 - -37)
31
What is the value of 69 + -48 + (-17 - 7)?
-3
What is the value of -1 + -2 + 17 + (38 - (2 + 38))?
12
Evaluate 2 - (31 - (37 - 10)).
-2
Calculate -4 - (6 + (-6 - -14) + -2 + -2).
-14
Calculate 35 + 17 + (-15 - (18 - 21)).
40
Calculate -10 + -3 + -7 + 17 + 1.
-2
What is the value of 32 + -84 + 46 + -2 + 35?
27
Evaluate 3 + (8 - 10) + (-26 - -5) + 0.
-20
Calculate -8 - (-6 + (7 - 9) + -15).
15
-7 + -5 + 5 + 17
10
What is the value of 2 + -1 + -11 - (198 - 203)?
-5
What is the value of 13 + -3 - (75 - 54)?
-11
Calculate -26 + (-23 - -17) - (-10 + 3 - 1).
-24
Evaluate (-28 + 20 - 14) + 14.
-8
Evaluate (-1 - (2 + -5)) + -1 + -588 + 584.
-3
Evaluate (-4 - (-7 - (-15 - -2))) + 6 + 7.
3
What is the value of 18 - ((4 - -19) + -15)?
10
What is the value of -26 - -7 - -6 - -28?
15
Calculate (9 - 2) + 2 + -41 + 10 + -2.
-24
What is the value of 2 - ((2 - 15) + (25 - 17))?
7
Calculate 6 + 3 + -2 + -5 + -9 + 0.
-7
Evaluate -1 - 7 - (-36 + (46 - 3)).
-15
Evaluate -4 - 4 - (-1 + (3 + -5 - -6)).
-11
What is 5 - (15 - (-4 + 11))?
-3
13 + (-25 + 10 - -2)
0
Calculate -15 + (-14 - (-16 - -10) - -10).
-13
What is the value of 12 - (10 